{"id":73835,"date":"2026-09-02T08:41:00","date_gmt":"2026-09-02T06:41:00","guid":{"rendered":"https:\/\/fundacjarakiety.pl\/?post_type=beneficiaries&#038;p=73835"},"modified":"2026-09-02T21:05:07","modified_gmt":"2026-09-02T19:05:07","slug":"michal-kuks","status":"publish","type":"beneficiaries","link":"https:\/\/fundacjarakiety.pl\/en\/podopieczni\/michal-kuks\/","title":{"rendered":"Micha\u0142 ma 40 lat i zmaga si\u0119 z glejakiem wielopostaciowym IV stopnia. Jego marzeniem jest po prostu \u017cy\u0107\u2026"},"content":{"rendered":"<p class=\"MsoNormal\" style=\"text-align: center;\"><strong>M\u00f3j m\u0105\u017c Micha\u0142 ma 40 lat&#8230; mamy 13-letni\u0105 c\u00f3rk\u0119 i ca\u0142e \u017cycie przed sob\u0105.<\/strong> Dzi\u015b liczy si\u0119 dla niego ka\u017cdy kolejny dzie\u0144.<\/p>\n<p class=\"MsoNormal\" style=\"text-align: center;\">Jeszcze dwa miesi\u0105ce temu byli\u015bmy przekonani, \u017ce mamy przed sob\u0105 zwyczajne, szcz\u0119\u015bliwe \u017cycie. Mieli\u015bmy siebie. Byli\u015bmy zdrowi. Mieli\u015bmy plany, marzenia, codzienne problemy, kt\u00f3re wydawa\u0142y si\u0119 wtedy najwa\u017cniejsze.<\/p>\n<p class=\"MsoNormal\" style=\"text-align: center;\"><strong>I nagle wystarczy\u0142a jedna doba, jedno badanie i jedno zdanie lekarza, \u017ceby wszystko si\u0119 zmieni\u0142o<\/strong>. Zwyk\u0142a z pozoru migrena. Taka, jakie zdarza\u0142y si\u0119 ju\u017c wcze\u015bniej. Tym razem jednak leki przeciwb\u00f3lowe nie pomog\u0142y. Pojechali\u015bmy do szpitala, przekonani, \u017ce Micha\u0142 dostanie zastrzyk przeciwb\u00f3lowy i wr\u00f3cimy do domu. Badanie tomografem wykaza\u0142o ogromnego\u00a0guza m\u00f3zgu oko\u0142o 6 \u00d7 7 cm. Do dzi\u015b trudno nam uwierzy\u0107, \u017ce guz ur\u00f3s\u0142 do takich rozmiar\u00f3w, nie daj\u0105c wcze\u015bniej wyra\u017anych objaw\u00f3w. Byli zaskoczeni wszyscy, r\u00f3wnie\u017c lekarze.<\/p>\n<p class=\"MsoNormal\" style=\"text-align: center;\">Micha\u0142 przeszed\u0142 bardzo ci\u0119\u017ck\u0105 operacj\u0119. Guza ze wzgl\u0119du na jego rozleg\u0142o\u015b\u0107 nie uda\u0142o si\u0119 usun\u0105\u0107 w ca\u0142o\u015bci. I chocia\u017c po operacji bardzo szybko doszed\u0142 do siebie, to diagnoza sprawi\u0142a, \u017ce nasz \u015bwiat po raz drugi si\u0119 zawali\u0142:\u00a0<strong>Glioblastoma multiforme grade IV<\/strong> &#8211; najbardziej agresywny rodzaj nowotworu, z jakim przysz\u0142o nam si\u0119 zmierzy\u0107.<\/p>\n<p class=\"MsoNormal\" style=\"text-align: center;\">Micha\u0142 jest obecnie w trakcie intensywnej radioterapii i chemioterapii, kt\u00f3re potrwaj\u0105 oko\u0142o 6 tygodni. Czeka go jeszcze d\u0142uga i niezwykle trudna droga. <strong>Niestety znamy rokowania i statystyki przy tego typu nowotworze \u2013 nawroty choroby s\u0105 kwesti\u0105 czasu.<\/strong><\/p>\n<div class=\"n6owBd awi2gc\" style=\"text-align: center;\" data-sfc-cp=\"\" data-sfc-root=\"ep\" data-hveid=\"CAAIBRAA\" data-processed=\"true\" data-complete=\"true\" data-copy-service-computed-style=\"font-family: &quot;Google Sans&quot;, Arial, sans-serif; font-size: 16px; font-weight: 400; margin: 12px 0px 16px; text-decoration: none; border-bottom: 0px rgb(10, 10, 10);\"><span data-subtree=\"aimfl\" data-processed=\"true\" data-copy-service-computed-style=\"font-family: &quot;Google Sans&quot;, Arial, sans-serif; font-size: 16px; font-weight: 400; margin: 0px; text-decoration: none; border-bottom: 0px rgb(10, 10, 10);\">Ale nie zamierzamy rezygnowa\u0107. Micha\u0142 <\/span><strong class=\"rQesXe MPyX\" data-sfc-cp=\"\" data-sfc-root=\"ep\" data-complete=\"true\" data-processed=\"true\" data-copy-service-computed-style=\"font-family: &quot;Google Sans&quot;, Arial, sans-serif; font-size: 16px; font-weight: 700; margin: 0px; text-decoration: none; border-bottom: 0px rgb(10, 10, 10);\">chce stawi\u0107 temu czo\u0142a<!--TgQPHd|||[]--><\/strong>, a my <strong class=\"rQesXe MPyX\" data-sfc-cp=\"\" data-sfc-root=\"ep\" data-complete=\"true\" data-processed=\"true\" data-copy-service-computed-style=\"font-family: &quot;Google Sans&quot;, Arial, sans-serif; font-size: 16px; font-weight: 700; margin: 0px; text-decoration: none; border-bottom: 0px rgb(10, 10, 10);\">chcemy przej\u015b\u0107 przez to razem z nim.<\/strong><!--TgQPHd|||[]--><\/div>\n<div class=\"n6owBd awi2gc\" data-sfc-cp=\"\" data-sfc-root=\"ep\" data-hveid=\"CAAIBRAA\" data-processed=\"true\" data-complete=\"true\" data-copy-service-computed-style=\"font-family: &quot;Google Sans&quot;, Arial, sans-serif; font-size: 16px; font-weight: 400; margin: 12px 0px 16px; text-decoration: none; border-bottom: 0px rgb(10, 10, 10);\">\u00a0<\/div>\n<p class=\"MsoNormal\" style=\"text-align: center;\">B\u0119dziemy szuka\u0107 mo\u017cliwo\u015bci leczenia wsz\u0119dzie, gdzie b\u0119dzie taka mo\u017cliwo\u015b\u0107.<\/p>\n<p class=\"MsoNormal\" style=\"text-align: center;\">Obecnie najlepiej rokuj\u0105c\u0105 jest TT Fields Optune (Tumor Treating Fields), terapia wykorzystuj\u0105ca pola elektryczne do hamowania podzia\u0142u kom\u00f3rek glejaka. W wielu krajach jest ona ju\u017c refundowana \u2013 niestety nie w Polsce. Jej koszt bez refundacji jest ogromny!! To oko\u0142o 120 000 z\u0142 miesi\u0119cznie!! Terapia powinna rozpocz\u0105\u0107 si\u0119 mo\u017cliwie szybko po zako\u0144czeniu radioterapii i chemioterapii, czyli ju\u017c za oko\u0142o 5 tygodni, i zgodnie z planem leczenia trwa\u0107 minimum 2 lata.<\/p>\n<p class=\"MsoNormal\" style=\"text-align: center;\"><strong>To oznacza kwoty, kt\u00f3rych sami nie jeste\u015bmy w stanie ud\u017awign\u0105\u0107.<\/strong><\/p>\n<p class=\"MsoNormal\" style=\"text-align: center;\">Dlatego dzi\u015b po raz pierwszy w \u017cyciu <strong>musimy poprosi\u0107 o pomoc<\/strong>.<\/p>\n<p class=\"MsoNormal\" style=\"text-align: center;\">Potrzebne s\u0105 r\u00f3wnie\u017c:<\/p>\n<p class=\"MsoNormal\" style=\"text-align: center;\">&#8211; szczeg\u00f3\u0142owe badania molekularne guza, kt\u00f3re mog\u0105 pom\u00f3c dobra\u0107 leczenie celowane &#8211; <strong>koszt oko\u0142o 30.000 z\u0142,<\/strong><\/p>\n<p class=\"MsoNormal\" style=\"text-align: center;\">&#8211; konsultacje i leczenie poza Polsk\u0105, w tym specjalne szczepionki celowane przygotowane indywidualnie w oparciu o badanie molekularne guza, kt\u00f3rych <strong>koszt to kilkaset tysi\u0119cy z\u0142otych!<\/strong><\/p>\n<p class=\"MsoNormal\" style=\"text-align: center;\">&#8211; rehabilitacja,<\/p>\n<p class=\"MsoNormal\" style=\"text-align: center;\">&#8211; leki, badania i wszystkie koszty, kt\u00f3re pojawi\u0105 si\u0119 podczas tej d\u0142ugiej drogi.<\/p>\n<p class=\"MsoNormal\" style=\"text-align: center;\"><strong>Ka\u017cda wp\u0142ata ma znaczenie, bo jest to dla nas szansa na kolejne miesi\u0105ce i lata razem &#8211; o niczym innym nie marzymy\u2026<\/strong><\/p>\n<p class=\"MsoNormal\" style=\"text-align: center;\"><strong>Ola, \u017cona Micha\u0142a<\/strong><\/p>","protected":false},"excerpt":{"rendered":"<p>Micha\u0142 ma 40 lat i zmaga si\u0119 z glejakiem wielopostaciowym  IV stopnia. Szans\u0105 i nadziej\u0105 na spowolnienie choroby jest niezwykle kosztowna terapia Optune nierefundowana w Polsce .Jego jedynym marzeniem jest po prostu \u017cy\u0107 i by\u0107 z \u017con\u0105 i c\u00f3rk\u0105, dla kt\u00f3rych jest ca\u0142ym \u015bwiatem.<\/p>","protected":false},"author":21,"featured_media":73834,"template":"","meta":{"page_title":"Micha\u0142 ma 40 lat i zmaga si\u0119 z glejakiem wielopostaciowym IV stopnia. Jego marzeniem jest po prostu \u017cy\u0107\u2026","first_name":"Micha\u0142","last_name":"Kuks","name_variation":"Micha\u0142","funds_collected":350,"funds_target":2500000,"currency":"z\u0142","left_on_the_subaccount":350,"refunded_expenses":0,"collection_on":"badania molekularne, zagraniczne leczenie, rehabilitacja, leki","content_update":"","number_pln":"52 1050 1025 1000 0090 3010 4252","number_usd":"PL54 1050 1025 1000 0090 8058 1367","number_eur":"PL32 1050 1025 1000 0090 8058 1375","number_gbp":"PL76 1050 1025 1000 0090 8058 1359","swift":"INGBPLPW","transfer_title":"Micha\u0142 Kuks","recipient_details":"Fundacja Onkologiczna Rakiety, ul. Stryje\u0144skich 19 lok. U21\/21A, 02-791 Warszawa","krs":"0000414091","tax_specific_target":"Micha\u0142 Kuks","fundraiser_iri":"\/api\/public\/fundraisers\/906"},"beneficiary_categories":[176],"class_list":["post-73835","beneficiaries","type-beneficiaries","status-publish","has-post-thumbnail","hentry"],"_links":{"self":[{"href":"https:\/\/fundacjarakiety.pl\/en\/wp-json\/wp\/v2\/beneficiaries\/73835","targetHints":{"allow":["GET"]}}],"collection":[{"href":"https:\/\/fundacjarakiety.pl\/en\/wp-json\/wp\/v2\/beneficiaries"}],"about":[{"href":"https:\/\/fundacjarakiety.pl\/en\/wp-json\/wp\/v2\/types\/beneficiaries"}],"author":[{"embeddable":true,"href":"https:\/\/fundacjarakiety.pl\/en\/wp-json\/wp\/v2\/users\/21"}],"wp:featuredmedia":[{"embeddable":true,"href":"https:\/\/fundacjarakiety.pl\/en\/wp-json\/wp\/v2\/media\/73834"}],"wp:attachment":[{"href":"https:\/\/fundacjarakiety.pl\/en\/wp-json\/wp\/v2\/media?parent=73835"}],"wp:term":[{"taxonomy":"beneficiary_categories","embeddable":true,"href":"https:\/\/fundacjarakiety.pl\/en\/wp-json\/wp\/v2\/beneficiary_categories?post=73835"}],"curies":[{"name":"wp","href":"https:\/\/api.w.org\/{rel}","templated":true}]}}

Michał ma 40 lat i zmaga się z glejakiem wielopostaciowym IV stopnia. Jego marzeniem jest po prostu żyć…

<p class="MsoNormal" style="text-align: center;"><strong>Mój mąż Michał ma 40 lat&#8230; mamy 13-letnią córkę i całe życie przed sobą.</strong> Dziś liczy się dla niego każdy kolejny dzień.</p>
<p class="MsoNormal" style="text-align: center;">Jeszcze dwa miesiące temu byliśmy przekonani, że mamy przed sobą zwyczajne, szczęśliwe życie. Mieliśmy siebie. Byliśmy zdrowi. Mieliśmy plany, marzenia, codzienne problemy, które wydawały się wtedy najważniejsze.</p>
<p class="MsoNormal" style="text-align: center;"><strong>I nagle wystarczyła jedna doba, jedno badanie i jedno zdanie lekarza, żeby wszystko się zmieniło</strong>. Zwykła z pozoru migrena. Taka, jakie zdarzały się już wcześniej. Tym razem jednak leki przeciwbólowe nie pomogły. Pojechaliśmy do szpitala, przekonani, że Michał dostanie zastrzyk przeciwbólowy i wrócimy do domu. Badanie tomografem wykazało ogromnego guza mózgu około 6 × 7 cm. Do dziś trudno nam uwierzyć, że guz urósł do takich rozmiarów, nie dając wcześniej wyraźnych objawów. Byli zaskoczeni wszyscy, również lekarze.</p>
<p class="MsoNormal" style="text-align: center;">Michał przeszedł bardzo ciężką operację. Guza ze względu na jego rozległość nie udało się usunąć w całości. I chociaż po operacji bardzo szybko doszedł do siebie, to diagnoza sprawiła, że nasz świat po raz drugi się zawalił: <strong>Glioblastoma multiforme grade IV</strong> &#8211; najbardziej agresywny rodzaj nowotworu, z jakim przyszło nam się zmierzyć.</p>
<p class="MsoNormal" style="text-align: center;">Michał jest obecnie w trakcie intensywnej radioterapii i chemioterapii, które potrwają około 6 tygodni. Czeka go jeszcze długa i niezwykle trudna droga. <strong>Niestety znamy rokowania i statystyki przy tego typu nowotworze – nawroty choroby są kwestią czasu.</strong></p>
<div class="n6owBd awi2gc" style="text-align: center;" data-sfc-cp="" data-sfc-root="ep" data-hveid="CAAIBRAA" data-processed="true" data-complete="true" data-copy-service-computed-style="font-family: &quot;Google Sans&quot;, Arial, sans-serif; font-size: 16px; font-weight: 400; margin: 12px 0px 16px; text-decoration: none; border-bottom: 0px rgb(10, 10, 10);"><span data-subtree="aimfl" data-processed="true" data-copy-service-computed-style="font-family: &quot;Google Sans&quot;, Arial, sans-serif; font-size: 16px; font-weight: 400; margin: 0px; text-decoration: none; border-bottom: 0px rgb(10, 10, 10);">Ale nie zamierzamy rezygnować. Michał </span><strong class="rQesXe MPyX" data-sfc-cp="" data-sfc-root="ep" data-complete="true" data-processed="true" data-copy-service-computed-style="font-family: &quot;Google Sans&quot;, Arial, sans-serif; font-size: 16px; font-weight: 700; margin: 0px; text-decoration: none; border-bottom: 0px rgb(10, 10, 10);">chce stawić temu czoła<!--TgQPHd|||[]--></strong>, a my <strong class="rQesXe MPyX" data-sfc-cp="" data-sfc-root="ep" data-complete="true" data-processed="true" data-copy-service-computed-style="font-family: &quot;Google Sans&quot;, Arial, sans-serif; font-size: 16px; font-weight: 700; margin: 0px; text-decoration: none; border-bottom: 0px rgb(10, 10, 10);">chcemy przejść przez to razem z nim.</strong><!--TgQPHd|||[]--></div>
<div class="n6owBd awi2gc" data-sfc-cp="" data-sfc-root="ep" data-hveid="CAAIBRAA" data-processed="true" data-complete="true" data-copy-service-computed-style="font-family: &quot;Google Sans&quot;, Arial, sans-serif; font-size: 16px; font-weight: 400; margin: 12px 0px 16px; text-decoration: none; border-bottom: 0px rgb(10, 10, 10);"> </div>
<p class="MsoNormal" style="text-align: center;">Będziemy szukać możliwości leczenia wszędzie, gdzie będzie taka możliwość.</p>
<p class="MsoNormal" style="text-align: center;">Obecnie najlepiej rokującą jest TT Fields Optune (Tumor Treating Fields), terapia wykorzystująca pola elektryczne do hamowania podziału komórek glejaka. W wielu krajach jest ona już refundowana – niestety nie w Polsce. Jej koszt bez refundacji jest ogromny!! To około 120 000 zł miesięcznie!! Terapia powinna rozpocząć się możliwie szybko po zakończeniu radioterapii i chemioterapii, czyli już za około 5 tygodni, i zgodnie z planem leczenia trwać minimum 2 lata.</p>
<p class="MsoNormal" style="text-align: center;"><strong>To oznacza kwoty, których sami nie jesteśmy w stanie udźwignąć.</strong></p>
<p class="MsoNormal" style="text-align: center;">Dlatego dziś po raz pierwszy w życiu <strong>musimy poprosić o pomoc</strong>.</p>
<p class="MsoNormal" style="text-align: center;">Potrzebne są również:</p>
<p class="MsoNormal" style="text-align: center;">&#8211; szczegółowe badania molekularne guza, które mogą pomóc dobrać leczenie celowane &#8211; <strong>koszt około 30.000 zł,</strong></p>
<p class="MsoNormal" style="text-align: center;">&#8211; konsultacje i leczenie poza Polską, w tym specjalne szczepionki celowane przygotowane indywidualnie w oparciu o badanie molekularne guza, których <strong>koszt to kilkaset tysięcy złotych!</strong></p>
<p class="MsoNormal" style="text-align: center;">&#8211; rehabilitacja,</p>
<p class="MsoNormal" style="text-align: center;">&#8211; leki, badania i wszystkie koszty, które pojawią się podczas tej długiej drogi.</p>
<p class="MsoNormal" style="text-align: center;"><strong>Każda wpłata ma znaczenie, bo jest to dla nas szansa na kolejne miesiące i lata razem &#8211; o niczym innym nie marzymy…</strong></p>
<p class="MsoNormal" style="text-align: center;"><strong>Ola, żona Michała</strong></p>

<p>Michał ma 40 lat i zmaga się z glejakiem wielopostaciowym  IV stopnia. Szansą i nadzieją na spowolnienie choroby jest niezwykle kosztowna terapia Optune nierefundowana w Polsce .Jego jedynym marzeniem jest po prostu żyć i być z żoną i córką, dla których jest całym światem.</p>

Michał

zł

Michał Kuks

Fundacja Onkologiczna Rakiety, ul. Stryjeńskich 19 lok. U21/21A, 02-791 Warszawa
